 prime factors of 98824.
2, 11, 1123
List the prime factors of 193472.
2, 3023
List the prime factors of 8277531.
3, 41, 173, 389
List the prime factors of 980387.
569, 1723
What are the prime factors of 9321369?
3, 47, 66109
What are the prime factors of 727040?
2, 5, 71
List the prime factors of 406081.
13, 31237
List the prime factors of 445415.
5, 89083
What are the prime factors of 437704?
2, 54713
List the prime factors of 94734.
2, 3, 19, 277
What are the prime factors of 716579?
37, 107, 181
What are the prime factors of 3567938?
2, 11, 127, 1277
What are the prime factors of 1714193?
13, 131861
List the prime factors of 560030.
2, 5, 56003
What are the prime factors of 102317?
102317
What are the prime factors of 1483283?
1483283
What are the prime factors of 1578827?
37, 71, 601
List the prime factors of 5982685.
5, 1196537
What are the prime factors of 854807?
854807
What are the prime factors of 1595897?
197, 8101
List the prime factors of 324834.
2, 3, 54139
List the prime factors of 483554.
2, 41, 5897
List the prime factors of 1453668.
2, 3, 121139
List the prime factors of 486625.
5, 17, 229
List the prime factors of 19944372.
2, 3, 7, 107, 317
List the prime factors of 1466.
2, 733
What are the prime factors of 1791564?
2, 3, 149297
List the prime factors of 1535276.
2, 19, 20201
List the prime factors of 35631.
3, 37, 107
What are the prime factors of 1199340?
2, 3, 5, 2221
List the prime factors of 228770.
2, 5, 22877
List the prime factors of 471324.
2, 3, 7, 31, 181
List the prime factors of 1086888.
2, 3, 11, 23, 179
List the prime factors of 2832625.
5, 17, 31, 43
What are the prime factors of 665714?
2, 7, 6793
What are the prime factors of 4931958?
2, 3, 821993
What are the prime factors of 22741759?
22741759
List the prime factors of 1439056.
2, 53, 1697
What are the prime factors of 231508?
2, 31, 1867
What are the prime factors of 251526?
2, 3, 11, 37, 103
List the prime factors of 10853168.
2, 59, 11497
List the prime factors of 13361.
31, 431
List the prime factors of 15118729.
17, 889337
What are the prime factors of 1371019?
13, 263, 401
What are the prime factors of 1376837?
7, 11, 17881
What are the prime factors of 1095485?
5, 219097
List the prime factors of 11368.
2, 7, 29
List the prime factors of 2106773.
2106773
What are the prime factors of 75594?
2, 3, 43, 293
What are the prime factors of 13344?
2, 3, 139
List the prime factors of 403946.
2, 201973
List the prime factors of 10058936.
2, 83, 15149
List the prime factors of 3321388.
2, 7, 118621
What are the prime factors of 8242253?
109, 75617
What are the prime factors of 9650515?
5, 7, 275729
What are the prime factors of 1588781?
31, 53, 967
List the prime factors of 1177309.
7, 109, 1543
What are the prime factors of 275590?
2, 5, 7, 31, 127
List the prime factors of 6958410.
2, 3, 5, 231947
What are the prime factors of 3004076?
2, 23, 32653
List the prime factors of 531919.
531919
What are the prime factors of 183680?
2, 5, 7, 41
What are the prime factors of 342947?
11, 31177
List the prime factors of 3342989.
13, 131, 151
List the prime factors of 19812203.
2311, 8573
What are the prime factors of 1507824?
2, 3, 37, 283
What are the prime factors of 1098879?
3, 366293
What are the prime factors of 7238830?
2, 5, 163, 4441
List the prime factors of 1258468.
2, 23, 13679
What are the prime factors of 3010251?
3, 1003417
What are the prime factors of 12387822?
2, 3, 37, 41, 1361
What are the prime factors of 152713?
11, 13883
What are the prime factors of 3384248?
2, 7, 223, 271
What are the prime factors of 20495?
5, 4099
List the prime factors of 447348.
2, 3, 11, 3389
List the prime factors of 400088.
2, 13, 3847
What are the prime factors of 222502?
2, 7, 23, 691
List the prime factors of 432519.
3, 144173
List the prime factors of 5379942.
2, 3, 863, 1039
What are the prime factors of 2537231?
167, 15193
List the prime factors of 1858903.
19, 227, 431
What are the prime factors of 1505092?
2, 139, 2707
What are the prime factors of 1241765?
5, 7, 17, 2087
What are the prime factors of 646739?
71, 9109
What are the prime factors of 242278?
2, 121139
List the prime factors of 17040256.
2, 17, 41, 191
List the prime factors of 2501773.
127, 19699
List the prime factors of 536730.
2, 3, 5, 17891
List the prime factors of 9959353.
199, 50047
What are the prime factors of 10318735?
5, 7, 294821
What are the prime factors of 1991840?
2, 5, 59, 211
List the prime factors of 18302877.
3, 71, 28643
What are the prime factors of 1316345?
5, 263269
What are the prime factors of 1227827?
41, 29947
What are the prime factors of 3466089?
3, 11, 157, 223
List the prime factors of 5564475.
3, 5, 7, 3533
What are the prime factors of 621817?
7, 211, 421
What are the prime factors of 2765010?
2, 3, 5, 37, 47, 53
What are the prime factors of 21128684?
2, 19, 317, 877
List the prime factors of 305167.
17, 29, 619
List the prime factors of 105296.
2, 6581
What are the prime factors of 4344875?
5, 34759
What are the prime factors of 20701701?
3, 2300189
What are the prime factors of 7720378?
2, 3860189
List the prime factors of 2111603.
13, 19, 83, 103
What are the prime factors of 152460?
2, 3, 5, 7, 11
List the prime factors of 7812313.
7812313
List the prime factors of 29676674.
2, 14838337
What are the prime factors of 1684735?
5, 13, 25919
List the prime factors of 3841176.
2, 3, 160049
What are the prime factors of 312572?
2, 13, 6011
What are the prime factors of 1173134?
2, 586567
What are the prime factors of 1319886?
2, 3, 73327
What are the prime factors of 2231626?
2, 19, 58727
What are the prime factors of 8644184?
2, 1080523
List the prime factors of 11624868.
2, 3, 97, 3329
What are the prime factors of 691411?
7, 98773
List the prime factors of 432372.
2, 3, 137, 263
List the prime factors of 469152.
2, 3, 181
List the prime factors of 72293.
13, 67, 83
What are the prime factors of 2754673?
2754673
What are the prime factors of 618867?
3, 22921
List the prime factors of 14392.
2, 7, 257
List the prime factors of 1628530.
2, 5, 162853
List the prime factors of 206423.
7, 37, 797
What are the prime factors of 6362256?
2, 3, 132547
List the prime factors of 236748.
2, 3, 109, 181
What are the prime factors of 870286?
2, 435143
What are the prime factors of 41683?
73, 571
What are the prime factors of 2254316?
2, 61, 9239
What are the prime factors of 230417?
11, 20947
What are the prime factors of 3260009?
349, 9341
What are the prime factors of 202345?
5, 11, 13, 283
List the prime factors of 5082612.
2, 3, 89, 4759
What are the prime factors of 69161?
23, 31, 97
List the prime factors of 13550929.
7, 1935847
List the prime factors of 66929.
17, 31, 127
What are the prime factors of 4720398?
2, 3, 19, 47, 881
List the prime factors of 111431.
111431
List the prime factors of 628486.
2, 314243
What are the prime factors of 9400347?
3, 11, 31, 1021
List the prime factors of 10360.
2, 5, 7, 37
What are the prime factors of 1262425?
5, 50497
List the prime factors of 8940886.
2, 4470443
List the prime factors of 459161.
359, 1279
List the prime factors of 501268.
2, 113, 1109
What are the prime factors of 223515?
3, 5, 4967
What are the prime factors of 1356735?
3, 5, 151, 599
List the prime factors of 22609837.
521, 43397
List the prime factors of 120829.
120829
List the prime factors of 21499193.
983, 21871
List the prime factors of 19976533.
19976533
What are the prime factors of 852928?
2, 13327
List the prime factors of 6683458.
2, 37, 2441
What are the prime factors of 5385053?
5385053
What are the prime factors of 206687?
13, 1223
What are the prime factors of 35625?
3, 5, 19
List the prime factors of 364624.
2, 13, 1753
List the prime factors of 783507.
3, 261169
What are the prime factors of 463200?
2, 3, 5, 193
What are the prime factors of 486364?
2, 121591
List the prime factors of 282681.
3, 7, 641
List the prime factors of 6865507.
11, 479, 1303
List the prime factors of 642401.
569, 1129
What are the prime factors of 178727?
29, 6163
What are the prime factors of 11416618?
2, 31, 59, 3121
What are the prime factors of 1091206?
2, 337, 1619
List the prime factors of 9648952.
2, 127, 9497
List the prime factors of 283873.
283873
What a